Last updated on 2024-03-28 17:49:45 CET.
Flavor | Version | Tinstall | Tcheck | Ttotal | Status | Flags |
---|---|---|---|---|---|---|
r-devel-linux-x86_64-debian-clang | 0.7-2 | 14.72 | 83.38 | 98.10 | OK | |
r-devel-linux-x86_64-debian-gcc | 0.7-2 | 10.79 | 62.70 | 73.49 | OK | |
r-devel-linux-x86_64-fedora-clang | 0.7-2 | 123.61 | NOTE | |||
r-devel-linux-x86_64-fedora-gcc | 0.7-2 | 127.75 | OK | |||
r-devel-windows-x86_64 | 0.7-2 | 15.00 | 83.00 | 98.00 | OK | |
r-patched-linux-x86_64 | 0.7-2 | 14.17 | 78.66 | 92.83 | OK | |
r-release-linux-x86_64 | 0.7-2 | 13.27 | 80.80 | 94.07 | OK | |
r-release-macos-arm64 | 0.7-2 | 40.00 | OK | |||
r-release-macos-x86_64 | 0.7-2 | 78.00 | OK | |||
r-release-windows-x86_64 | 0.7-2 | 17.00 | 104.00 | 121.00 | OK | |
r-oldrel-macos-arm64 | 0.7-2 | 39.00 | OK | |||
r-oldrel-windows-x86_64 | 0.7-2 | 17.00 | 111.00 | 128.00 | OK |
Version: 0.7-2
Check: installed package size
Result: NOTE
installed size is 5.5Mb
sub-directories of 1Mb or more:
libs 5.0Mb
Flavor: r-devel-linux-x86_64-fedora-clang