CRAN Package Check Results for Package tsintermittent

Last updated on 2018-04-20 18:55:44 CEST.

Flavor Version Tinstall Tcheck Ttotal Status Flags
r-devel-linux-x86_64-debian-clang 1.9 5.27 46.51 51.78 OK
r-devel-linux-x86_64-debian-gcc 1.9 3.74 37.53 41.27 OK
r-devel-linux-x86_64-fedora-clang 1.9 62.39 OK
r-devel-linux-x86_64-fedora-gcc 1.9 59.63 OK
r-devel-windows-ix86+x86_64 1.9 13.00 83.00 96.00 OK
r-devel-osx-x86_64 1.9 OK
r-patched-linux-x86_64 1.9 4.49 46.32 50.81 OK
r-patched-solaris-x86 1.9 94.00 OK
r-release-linux-x86_64 1.9 2.76 50.89 53.65 OK
r-release-windows-ix86+x86_64 1.9 12.00 91.00 103.00 OK
r-release-osx-x86_64 1.9 OK
r-oldrel-windows-ix86+x86_64 1.9 1.00 5.00 6.00 ERROR

Check Details

Version: 1.9
Check: package dependencies
Result: ERROR
    Package required but not available: 'MAPA'
    
    See section 'The DESCRIPTION file' in the 'Writing R Extensions'
    manual.
Flavor: r-oldrel-windows-ix86+x86_64