Last updated on 2024-03-28 17:49:45 CET.
Flavor | Version | Tinstall | Tcheck | Ttotal | Status | Flags |
---|---|---|---|---|---|---|
r-devel-linux-x86_64-debian-clang | 0.3.2 | 69.19 | 88.32 | 157.51 | NOTE | |
r-devel-linux-x86_64-debian-gcc | 0.3.2 | 51.68 | 67.89 | 119.57 | NOTE | |
r-devel-linux-x86_64-fedora-clang | 0.3.2 | 225.18 | NOTE | |||
r-devel-linux-x86_64-fedora-gcc | 0.3.2 | 224.21 | NOTE | |||
r-devel-windows-x86_64 | 0.3.2 | 53.00 | 118.00 | 171.00 | NOTE | |
r-patched-linux-x86_64 | 0.3.2 | 64.85 | 84.31 | 149.16 | NOTE | |
r-release-linux-x86_64 | 0.3.2 | 64.68 | 85.88 | 150.56 | NOTE | |
r-release-macos-arm64 | 0.3.2 | 62.00 | NOTE | |||
r-release-macos-x86_64 | 0.3.2 | 102.00 | NOTE | |||
r-release-windows-x86_64 | 0.3.2 | 65.00 | 136.00 | 201.00 | NOTE | |
r-oldrel-macos-arm64 | 0.3.2 | 59.00 | OK | |||
r-oldrel-windows-x86_64 | 0.3.2 | 63.00 | 129.00 | 192.00 | OK |
Version: 0.3.2
Check: C++ specification
Result: NOTE
Specified C++11: please drop specification unless essential
Flavors: r-devel-linux-x86_64-debian-clang, r-devel-linux-x86_64-debian-gcc, r-devel-linux-x86_64-fedora-clang, r-devel-linux-x86_64-fedora-gcc, r-devel-windows-x86_64, r-patched-linux-x86_64, r-release-linux-x86_64, r-release-macos-arm64, r-release-macos-x86_64, r-release-windows-x86_64