Last updated on 2024-03-28 06:01:41 CET.
Flavor | Version | Tinstall | Tcheck | Ttotal | Status | Flags |
---|---|---|---|---|---|---|
r-devel-linux-x86_64-debian-clang | 2.3.5 | 11.75 | 42.73 | 54.48 | NOTE | |
r-devel-linux-x86_64-debian-gcc | 2.3.5 | 6.58 | 31.55 | 38.13 | NOTE | |
r-devel-linux-x86_64-fedora-clang | 2.3.5 | 69.22 | NOTE | |||
r-devel-linux-x86_64-fedora-gcc | 2.3.5 | 65.00 | NOTE | |||
r-devel-windows-x86_64 | 2.3.5 | 12.00 | 53.00 | 65.00 | NOTE | |
r-patched-linux-x86_64 | 2.3.5 | 10.12 | 41.01 | 51.13 | OK | |
r-release-linux-x86_64 | 2.3.5 | 9.19 | 39.65 | 48.84 | OK | |
r-release-macos-arm64 | 2.3.5 | 23.00 | OK | |||
r-release-macos-x86_64 | 2.3.5 | 35.00 | OK | |||
r-release-windows-x86_64 | 2.3.5 | 12.00 | 54.00 | 66.00 | OK | |
r-oldrel-macos-arm64 | 2.3.5 | 26.00 | OK | |||
r-oldrel-windows-x86_64 | 2.3.5 | 13.00 | 60.00 | 73.00 | OK |
Version: 2.3.5
Check: Rd files
Result: NOTE
checkRd: (-1) tweedie-internal.Rd:74: Lost braces
74 | doi{10.1093/biomet/74.2.221}
| ^
Flavors: r-devel-linux-x86_64-debian-clang, r-devel-linux-x86_64-debian-gcc, r-devel-linux-x86_64-fedora-clang, r-devel-linux-x86_64-fedora-gcc, r-devel-windows-x86_64