Last updated on 2024-05-07 06:56:13 CEST.
Flavor | Version | Tinstall | Tcheck | Ttotal | Status | Flags |
---|---|---|---|---|---|---|
r-devel-linux-x86_64-debian-clang | 0.2.4 | 9.13 | 60.49 | 69.62 | OK | |
r-devel-linux-x86_64-debian-gcc | 0.2.4 | 8.13 | 46.07 | 54.20 | OK | |
r-devel-linux-x86_64-fedora-clang | 0.2.4 | 96.40 | NOTE | |||
r-devel-linux-x86_64-fedora-gcc | 0.2.4 | 122.78 | NOTE | |||
r-devel-windows-x86_64 | 0.2.4 | 12.00 | 68.00 | 80.00 | OK | |
r-patched-linux-x86_64 | 0.2.4 | 10.53 | 55.94 | 66.47 | OK | |
r-release-linux-x86_64 | 0.2.4 | 11.48 | 56.62 | 68.10 | OK | |
r-release-macos-arm64 | 0.2.4 | 37.00 | OK | |||
r-release-windows-x86_64 | 0.2.4 | 12.00 | 67.00 | 79.00 | OK | |
r-oldrel-macos-arm64 | 0.2.4 | 42.00 | OK | |||
r-oldrel-macos-x86_64 | 0.2.4 | 81.00 | OK | |||
r-oldrel-windows-x86_64 | 0.2.4 | 13.00 | 77.00 | 90.00 | OK |
Version: 0.2.4
Check: data for non-ASCII characters
Result: NOTE
Note: found 9 marked UTF-8 strings
Flavors: r-devel-linux-x86_64-fedora-clang, r-devel-linux-x86_64-fedora-gcc