Last updated on 2024-05-07 18:50:05 CEST.
Flavor | Version | Tinstall | Tcheck | Ttotal | Status | Flags |
---|---|---|---|---|---|---|
r-devel-linux-x86_64-debian-clang | 0.2.0 | 9.78 | 61.79 | 71.57 | OK | |
r-devel-linux-x86_64-debian-gcc | 0.2.0 | 7.37 | 46.90 | 54.27 | OK | |
r-devel-linux-x86_64-fedora-clang | 0.2.0 | 93.28 | NOTE | |||
r-devel-linux-x86_64-fedora-gcc | 0.2.0 | 128.56 | NOTE | |||
r-devel-windows-x86_64 | 0.2.0 | 11.00 | 65.00 | 76.00 | OK | |
r-patched-linux-x86_64 | 0.2.0 | 13.30 | 59.69 | 72.99 | OK | |
r-release-linux-x86_64 | 0.2.0 | 6.50 | 59.85 | 66.35 | OK | |
r-release-macos-arm64 | 0.2.0 | 27.00 | OK | |||
r-release-windows-x86_64 | 0.2.0 | 10.00 | 65.00 | 75.00 | OK | |
r-oldrel-macos-arm64 | 0.2.0 | 29.00 | OK | |||
r-oldrel-macos-x86_64 | 0.2.0 | 42.00 | OK | |||
r-oldrel-windows-x86_64 | 0.2.0 | 11.00 | 74.00 | 85.00 | OK |
Version: 0.2.0
Check: data for non-ASCII characters
Result: NOTE
Note: found 3347 marked UTF-8 strings
Flavors: r-devel-linux-x86_64-fedora-clang, r-devel-linux-x86_64-fedora-gcc