Last updated on 2024-03-28 17:49:46 CET.
Flavor | Version | Tinstall | Tcheck | Ttotal | Status | Flags |
---|---|---|---|---|---|---|
r-devel-linux-x86_64-debian-clang | 0.7.1 | 3.75 | 109.58 | 113.33 | OK | |
r-devel-linux-x86_64-debian-gcc | 0.7.1 | 2.96 | 81.72 | 84.68 | OK | |
r-devel-linux-x86_64-fedora-clang | 0.7.1 | 146.91 | NOTE | |||
r-devel-linux-x86_64-fedora-gcc | 0.7.1 | 155.64 | NOTE | |||
r-devel-windows-x86_64 | 0.7.1 | 4.00 | 109.00 | 113.00 | OK | |
r-patched-linux-x86_64 | 0.7.1 | 3.34 | 103.60 | 106.94 | OK | |
r-release-linux-x86_64 | 0.7.1 | 3.43 | 104.20 | 107.63 | OK | |
r-release-macos-arm64 | 0.7.1 | 54.00 | OK | |||
r-release-macos-x86_64 | 0.7.1 | 121.00 | OK | |||
r-release-windows-x86_64 | 0.7.1 | 5.00 | 126.00 | 131.00 | OK | |
r-oldrel-macos-arm64 | 0.7.1 | 56.00 | OK | |||
r-oldrel-windows-x86_64 | 0.7.1 | 8.00 | 122.00 | 130.00 | OK |
Version: 0.7.1
Check: data for non-ASCII characters
Result: NOTE
Note: found 17 marked UTF-8 strings
Flavors: r-devel-linux-x86_64-fedora-clang, r-devel-linux-x86_64-fedora-gcc