Last updated on 2024-04-17 18:57:01 CEST.
Flavor | Version | Tinstall | Tcheck | Ttotal | Status | Flags |
---|---|---|---|---|---|---|
r-devel-linux-x86_64-debian-clang | 0.1.7 | 10.15 | 147.70 | 157.85 | NOTE | |
r-devel-linux-x86_64-debian-gcc | 0.1.7 | 8.57 | 105.89 | 114.46 | NOTE | |
r-devel-linux-x86_64-fedora-clang | 0.1.7 | 205.85 | NOTE | |||
r-devel-linux-x86_64-fedora-gcc | 0.1.7 | 195.65 | NOTE | |||
r-prerel-macos-arm64 | 0.1.7 | 65.00 | NOTE | |||
r-prerel-windows-x86_64 | 0.1.7 | 13.00 | 142.00 | 155.00 | NOTE | |
r-patched-linux-x86_64 | 0.1.7 | 14.39 | 136.35 | 150.74 | NOTE | |
r-release-linux-x86_64 | 0.1.7 | 13.67 | 135.85 | 149.52 | OK | |
r-release-macos-arm64 | 0.1.7 | 58.00 | OK | |||
r-release-macos-x86_64 | 0.1.7 | 103.00 | OK | |||
r-release-windows-x86_64 | 0.1.7 | 17.00 | 167.00 | 184.00 | OK | |
r-oldrel-macos-arm64 | 0.1.7 | 49.00 | OK | |||
r-oldrel-windows-x86_64 | 0.1.7 | 16.00 | 146.00 | 162.00 | OK |
Version: 0.1.7
Check: Rd files
Result: NOTE
checkRd: (-1) partition_fold.Rd:21-22: Lost braces
21 | \code{train}{The mldr dataset with train examples, that includes all
| ^
checkRd: (-1) partition_fold.Rd:23-24: Lost braces
23 | \code{test}{The mldr dataset with test examples, defined by the
| ^
checkRd: (-1) partition_fold.Rd:25-26: Lost braces
25 | \code{validation}{Optionally, only if \code{has.validation = TRUE}.
| ^
Flavors: r-devel-linux-x86_64-debian-clang, r-devel-linux-x86_64-debian-gcc, r-devel-linux-x86_64-fedora-clang, r-devel-linux-x86_64-fedora-gcc, r-prerel-macos-arm64, r-prerel-windows-x86_64, r-patched-linux-x86_64