Last updated on 2024-05-07 06:56:14 CEST.
Flavor | Version | Tinstall | Tcheck | Ttotal | Status | Flags |
---|---|---|---|---|---|---|
r-devel-linux-x86_64-debian-clang | 0.0.3 | 5.21 | 50.38 | 55.59 | OK | |
r-devel-linux-x86_64-debian-gcc | 0.0.3 | 3.85 | 37.99 | 41.84 | OK | |
r-devel-linux-x86_64-fedora-clang | 0.0.3 | 71.95 | NOTE | |||
r-devel-linux-x86_64-fedora-gcc | 0.0.3 | 90.07 | NOTE | |||
r-devel-windows-x86_64 | 0.0.3 | 5.00 | 57.00 | 62.00 | OK | |
r-patched-linux-x86_64 | 0.0.3 | 4.44 | 49.65 | 54.09 | OK | |
r-release-linux-x86_64 | 0.0.3 | 4.00 | 48.88 | 52.88 | OK | |
r-release-macos-arm64 | 0.0.3 | 24.00 | OK | |||
r-release-macos-x86_64 | 0.0.3 | 51.00 | OK | |||
r-release-windows-x86_64 | 0.0.3 | 6.00 | 58.00 | 64.00 | OK | |
r-oldrel-macos-arm64 | 0.0.3 | 28.00 | OK | |||
r-oldrel-macos-x86_64 | 0.0.3 | 53.00 | OK | |||
r-oldrel-windows-x86_64 | 0.0.3 | 7.00 | 63.00 | 70.00 | OK |
Version: 0.0.3
Check: dependencies in R code
Result: NOTE
Namespace in Imports field not imported from: ‘methods’
All declared Imports should be used.
Flavors: r-devel-linux-x86_64-fedora-clang, r-devel-linux-x86_64-fedora-gcc