Last updated on 2024-05-07 18:50:06 CEST.
Flavor | Version | Tinstall | Tcheck | Ttotal | Status | Flags |
---|---|---|---|---|---|---|
r-devel-linux-x86_64-debian-clang | 1.1.3 | 32.93 | 262.95 | 295.88 | OK | |
r-devel-linux-x86_64-debian-gcc | 1.1.3 | 27.23 | 202.95 | 230.18 | OK | |
r-devel-linux-x86_64-fedora-clang | 1.1.3 | 209.85 | NOTE | |||
r-devel-linux-x86_64-fedora-gcc | 1.1.3 | 423.20 | NOTE | |||
r-devel-windows-x86_64 | 1.1.3 | 35.00 | 223.00 | 258.00 | OK | |
r-release-linux-x86_64 | 1.1.3 | 27.81 | 261.24 | 289.05 | OK | |
r-release-macos-arm64 | 1.1.3 | 103.00 | NOTE | |||
r-release-macos-x86_64 | 1.1.3 | 310.00 | NOTE | |||
r-release-windows-x86_64 | 1.1.3 | 38.00 | 230.00 | 268.00 | OK | |
r-oldrel-macos-arm64 | 1.1.3 | 105.00 | NOTE | |||
r-oldrel-macos-x86_64 | 1.1.3 | 221.00 | NOTE | |||
r-oldrel-windows-x86_64 | 1.1.3 | 37.00 | 282.00 | 319.00 | OK |
Version: 1.1.3
Check: data for non-ASCII characters
Result: NOTE
Note: found 49 marked UTF-8 strings
Flavors: r-devel-linux-x86_64-fedora-clang, r-devel-linux-x86_64-fedora-gcc
Version: 1.1.3
Check: installed package size
Result: NOTE
installed size is 5.2Mb
sub-directories of 1Mb or more:
R 3.4Mb
help 1.1Mb
Flavors: r-release-macos-arm64, r-release-macos-x86_64, r-oldrel-macos-arm64, r-oldrel-macos-x86_64