Last updated on 2024-05-07 06:56:14 CEST.
Flavor | Version | Tinstall | Tcheck | Ttotal | Status | Flags |
---|---|---|---|---|---|---|
r-devel-linux-x86_64-debian-clang | 0.1.0 | 6.87 | 302.34 | 309.21 | OK | |
r-devel-linux-x86_64-debian-gcc | 0.1.0 | 5.20 | 213.46 | 218.66 | OK | |
r-devel-linux-x86_64-fedora-clang | 0.1.0 | 388.16 | NOTE | |||
r-devel-linux-x86_64-fedora-gcc | 0.1.0 | 405.48 | NOTE | |||
r-devel-windows-x86_64 | 0.1.0 | 9.00 | 204.00 | 213.00 | OK | |
r-patched-linux-x86_64 | 0.1.0 | 6.74 | 284.91 | 291.65 | OK | |
r-release-linux-x86_64 | 0.1.0 | 4.56 | 281.66 | 286.22 | OK | |
r-release-macos-arm64 | 0.1.0 | 96.00 | OK | |||
r-release-windows-x86_64 | 0.1.0 | 8.00 | 197.00 | 205.00 | OK | |
r-oldrel-macos-arm64 | 0.1.0 | 105.00 | OK | |||
r-oldrel-macos-x86_64 | 0.1.0 | 166.00 | OK | |||
r-oldrel-windows-x86_64 | 0.1.0 | 10.00 | 262.00 | 272.00 | OK |
Version: 0.1.0
Check: dependencies in R code
Result: NOTE
Namespaces in Imports field not imported from:
‘mclust’ ‘rlang’
All declared Imports should be used.
Flavors: r-devel-linux-x86_64-fedora-clang, r-devel-linux-x86_64-fedora-gcc