Last updated on 2024-04-23 18:51:15 CEST.
Flavor | Version | Tinstall | Tcheck | Ttotal | Status | Flags |
---|---|---|---|---|---|---|
r-devel-linux-x86_64-debian-clang | 1.1.5 | 16.54 | 132.33 | 148.87 | OK | |
r-devel-linux-x86_64-debian-gcc | 1.1.5 | 12.35 | 96.30 | 108.65 | OK | |
r-devel-linux-x86_64-fedora-clang | 1.1.5 | 177.64 | NOTE | |||
r-devel-linux-x86_64-fedora-gcc | 1.1.5 | 168.87 | NOTE | |||
r-prerel-macos-arm64 | 1.1.5 | 50.00 | OK | |||
r-prerel-windows-x86_64 | 1.1.5 | 16.00 | 114.00 | 130.00 | OK | |
r-patched-linux-x86_64 | 1.1.5 | 14.09 | 125.35 | 139.44 | OK | |
r-release-linux-x86_64 | 1.1.5 | 17.84 | 126.53 | 144.37 | OK | |
r-release-macos-arm64 | 1.1.5 | 55.00 | OK | |||
r-release-macos-x86_64 | 1.1.5 | 89.00 | OK | |||
r-release-windows-x86_64 | 1.1.5 | 20.00 | 141.00 | 161.00 | OK | |
r-oldrel-macos-arm64 | 1.1.5 | 54.00 | OK | |||
r-oldrel-windows-x86_64 | 1.1.5 | 21.00 | 143.00 | 164.00 | OK |
Version: 1.1.5
Check: compiled code
Result: NOTE
File ‘vines/libs/vines.so’:
Found no call to: ‘R_useDynamicSymbols’
It is good practice to register native routines and to disable symbol
search.
See ‘Writing portable packages’ in the ‘Writing R Extensions’ manual.
Flavors: r-devel-linux-x86_64-fedora-clang, r-devel-linux-x86_64-fedora-gcc