Last updated on 2024-05-07 06:56:14 CEST.
Flavor | Version | Tinstall | Tcheck | Ttotal | Status | Flags |
---|---|---|---|---|---|---|
r-devel-linux-x86_64-debian-clang | 0.1.5 | 8.82 | 77.09 | 85.91 | OK | |
r-devel-linux-x86_64-debian-gcc | 0.1.5 | 6.17 | 56.71 | 62.88 | OK | |
r-devel-linux-x86_64-fedora-clang | 0.1.5 | 105.21 | NOTE | |||
r-devel-linux-x86_64-fedora-gcc | 0.1.5 | 167.78 | NOTE | |||
r-devel-windows-x86_64 | 0.1.5 | 11.00 | 77.00 | 88.00 | OK | |
r-patched-linux-x86_64 | 0.1.5 | 13.13 | 72.65 | 85.78 | OK | |
r-release-linux-x86_64 | 0.1.5 | 4.76 | 74.44 | 79.20 | OK | |
r-release-macos-arm64 | 0.1.5 | 33.00 | OK | |||
r-release-windows-x86_64 | 0.1.5 | 10.00 | 78.00 | 88.00 | OK | |
r-oldrel-macos-arm64 | 0.1.5 | 37.00 | OK | |||
r-oldrel-macos-x86_64 | 0.1.5 | 69.00 | OK | |||
r-oldrel-windows-x86_64 | 0.1.5 | 11.00 | 84.00 | 95.00 | OK |
Version: 0.1.5
Check: dependencies in R code
Result: NOTE
Namespace in Imports field not imported from: ‘ggplot2’
All declared Imports should be used.
Flavors: r-devel-linux-x86_64-fedora-clang, r-devel-linux-x86_64-fedora-gcc