Last updated on 2024-04-23 18:51:15 CEST.
Flavor | Version | Tinstall | Tcheck | Ttotal | Status | Flags |
---|---|---|---|---|---|---|
r-devel-linux-x86_64-debian-clang | 1.0.3 | 9.41 | 66.70 | 76.11 | OK | |
r-devel-linux-x86_64-debian-gcc | 1.0.3 | 6.99 | 51.06 | 58.05 | OK | |
r-devel-linux-x86_64-fedora-clang | 1.0.3 | 95.03 | NOTE | |||
r-devel-linux-x86_64-fedora-gcc | 1.0.3 | 101.77 | OK | |||
r-prerel-macos-arm64 | 1.0.3 | 34.00 | NOTE | |||
r-prerel-windows-x86_64 | 1.0.3 | 13.00 | 71.00 | 84.00 | NOTE | |
r-patched-linux-x86_64 | 1.0.3 | 7.63 | 64.55 | 72.18 | OK | |
r-release-linux-x86_64 | 1.0.3 | 5.90 | 65.50 | 71.40 | OK | |
r-release-macos-arm64 | 1.0.3 | 40.00 | NOTE | |||
r-release-macos-x86_64 | 1.0.3 | 64.00 | NOTE | |||
r-release-windows-x86_64 | 1.0.3 | 16.00 | 81.00 | 97.00 | NOTE | |
r-oldrel-macos-arm64 | 1.0.3 | 33.00 | NOTE | |||
r-oldrel-windows-x86_64 | 1.0.3 | 14.00 | 81.00 | 95.00 | NOTE |
Version: 1.0.3
Check: installed package size
Result: NOTE
installed size is 10.8Mb
sub-directories of 1Mb or more:
client 9.6Mb
doc 1.0Mb
Flavors: r-devel-linux-x86_64-fedora-clang, r-prerel-macos-arm64, r-prerel-windows-x86_64, r-release-macos-arm64, r-release-macos-x86_64, r-release-windows-x86_64, r-oldrel-macos-arm64, r-oldrel-windows-x86_64