Last updated on 2024-03-28 17:49:46 CET.
Flavor | Version | Tinstall | Tcheck | Ttotal | Status | Flags |
---|---|---|---|---|---|---|
r-devel-linux-x86_64-debian-clang | 0.4.0 | 3.60 | 35.11 | 38.71 | OK | |
r-devel-linux-x86_64-debian-gcc | 0.4.0 | 2.03 | 27.49 | 29.52 | OK | |
r-devel-linux-x86_64-fedora-clang | 0.4.0 | 51.30 | NOTE | |||
r-devel-linux-x86_64-fedora-gcc | 0.4.0 | 60.86 | OK | |||
r-devel-windows-x86_64 | 0.4.0 | 5.00 | 51.00 | 56.00 | OK | |
r-patched-linux-x86_64 | 0.4.0 | 2.23 | 35.43 | 37.66 | OK | |
r-release-linux-x86_64 | 0.4.0 | 3.04 | 34.39 | 37.43 | OK | |
r-release-macos-arm64 | 0.4.0 | 28.00 | OK | |||
r-release-macos-x86_64 | 0.4.0 | 35.00 | OK | |||
r-release-windows-x86_64 | 0.4.0 | 5.00 | 53.00 | 58.00 | OK | |
r-oldrel-macos-arm64 | 0.4.0 | 22.00 | OK | |||
r-oldrel-windows-x86_64 | 0.4.0 | 5.00 | 55.00 | 60.00 | OK |
Version: 0.4.0
Check: Rd cross-references
Result: NOTE
Undeclared package ‘httr’ in Rd xrefs
Flavor: r-devel-linux-x86_64-fedora-clang