Last updated on 2024-04-17 18:57:01 CEST.
Flavor | Version | Tinstall | Tcheck | Ttotal | Status | Flags |
---|---|---|---|---|---|---|
r-devel-linux-x86_64-debian-clang | 1.7.30 | 99.09 | 38.65 | 137.74 | NOTE | |
r-devel-linux-x86_64-debian-gcc | 1.7.30 | 73.18 | 30.45 | 103.63 | NOTE | |
r-devel-linux-x86_64-fedora-clang | 1.7.30 | 202.27 | NOTE | |||
r-devel-linux-x86_64-fedora-gcc | 1.7.30 | 203.47 | NOTE | |||
r-prerel-macos-arm64 | 1.7.30 | 46.00 | NOTE | |||
r-prerel-windows-x86_64 | 1.7.30 | 69.00 | 80.00 | 149.00 | NOTE | |
r-patched-linux-x86_64 | 1.7.30 | 92.45 | 38.27 | 130.72 | NOTE | |
r-release-linux-x86_64 | 1.7.30 | 94.97 | 35.92 | 130.89 | NOTE | |
r-release-macos-arm64 | 1.7.30 | 55.00 | NOTE | |||
r-release-macos-x86_64 | 1.7.30 | 93.00 | NOTE | |||
r-release-windows-x86_64 | 1.7.30 | 68.00 | 89.00 | 157.00 | NOTE | |
r-oldrel-macos-arm64 | 1.7.30 | 49.00 | OK | |||
r-oldrel-windows-x86_64 | 1.7.30 | 93.00 | 80.00 | 173.00 | OK |
Version: 1.7.30
Check: C++ specification
Result: NOTE
Specified C++11: please drop specification unless essential
Flavors: r-devel-linux-x86_64-debian-clang, r-devel-linux-x86_64-debian-gcc, r-devel-linux-x86_64-fedora-clang, r-devel-linux-x86_64-fedora-gcc, r-prerel-macos-arm64, r-prerel-windows-x86_64, r-patched-linux-x86_64, r-release-linux-x86_64, r-release-macos-arm64, r-release-macos-x86_64, r-release-windows-x86_64