Last updated on 2024-03-28 17:49:46 CET.
Flavor | Version | Tinstall | Tcheck | Ttotal | Status | Flags |
---|---|---|---|---|---|---|
r-devel-linux-x86_64-debian-clang | 1.1.7 | 6.93 | 50.69 | 57.62 | NOTE | |
r-devel-linux-x86_64-debian-gcc | 1.1.7 | 5.21 | 39.48 | 44.69 | NOTE | |
r-devel-linux-x86_64-fedora-clang | 1.1.7 | 71.48 | NOTE | |||
r-devel-linux-x86_64-fedora-gcc | 1.1.7 | 69.49 | NOTE | |||
r-devel-windows-x86_64 | 1.1.7 | 9.00 | 60.00 | 69.00 | NOTE | |
r-patched-linux-x86_64 | 1.1.7 | 11.11 | 49.93 | 61.04 | NOTE | |
r-release-linux-x86_64 | 1.1.7 | 7.43 | 49.60 | 57.03 | OK | |
r-release-macos-arm64 | 1.1.7 | 25.00 | OK | |||
r-release-macos-x86_64 | 1.1.7 | 35.00 | OK | |||
r-release-windows-x86_64 | 1.1.7 | 10.00 | 65.00 | 75.00 | OK | |
r-oldrel-macos-arm64 | 1.1.7 | 25.00 | OK | |||
r-oldrel-windows-x86_64 | 1.1.7 | 12.00 | 70.00 | 82.00 | OK |
Version: 1.1.7
Check: Rd files
Result: NOTE
checkRd: (-1) xshow.Rd:19: Lost braces in \enumerate; meant \describe ?
checkRd: (-1) xshow.Rd:20: Lost braces in \enumerate; meant \describe ?
Flavors: r-devel-linux-x86_64-debian-clang, r-devel-linux-x86_64-debian-gcc, r-devel-linux-x86_64-fedora-clang, r-devel-linux-x86_64-fedora-gcc, r-devel-windows-x86_64, r-patched-linux-x86_64