Last updated on 2024-03-28 17:49:47 CET.
Flavor | Version | Tinstall | Tcheck | Ttotal | Status | Flags |
---|---|---|---|---|---|---|
r-devel-linux-x86_64-debian-clang | 0.2-3 | 5.72 | 69.28 | 75.00 | NOTE | |
r-devel-linux-x86_64-debian-gcc | 0.2-3 | 5.27 | 53.80 | 59.07 | NOTE | |
r-devel-linux-x86_64-fedora-clang | 0.2-3 | 97.23 | NOTE | |||
r-devel-linux-x86_64-fedora-gcc | 0.2-3 | 93.80 | NOTE | |||
r-devel-windows-x86_64 | 0.2-3 | 7.00 | 67.00 | 74.00 | NOTE | |
r-patched-linux-x86_64 | 0.2-3 | 7.04 | 68.74 | 75.78 | NOTE | |
r-release-linux-x86_64 | 0.2-3 | 6.18 | 68.64 | 74.82 | OK | |
r-release-macos-arm64 | 0.2-3 | 33.00 | OK | |||
r-release-macos-x86_64 | 0.2-3 | 52.00 | OK | |||
r-release-windows-x86_64 | 0.2-3 | 9.00 | 76.00 | 85.00 | OK | |
r-oldrel-macos-arm64 | 0.2-3 | 31.00 | OK | |||
r-oldrel-windows-x86_64 | 0.2-3 | 9.00 | 81.00 | 90.00 | OK |
Version: 0.2-3
Check: Rd files
Result: NOTE
checkRd: (-1) xwfGridsearch.Rd:27: Lost braces; missing escapes or markup?
27 | \item{iter}{Number of levels in the adaptive grid search. The resolution in b obtained is 2^{-1-iter}.}
| ^
Flavors: r-devel-linux-x86_64-debian-clang, r-devel-linux-x86_64-debian-gcc, r-devel-linux-x86_64-fedora-clang, r-devel-linux-x86_64-fedora-gcc, r-devel-windows-x86_64, r-patched-linux-x86_64