Last updated on 2024-04-23 18:51:16 CEST.
Flavor | Version | Tinstall | Tcheck | Ttotal | Status | Flags |
---|---|---|---|---|---|---|
r-devel-linux-x86_64-debian-clang | 0.4 | 3.03 | 31.05 | 34.08 | NOTE | |
r-devel-linux-x86_64-debian-gcc | 0.4 | 2.59 | 23.43 | 26.02 | NOTE | |
r-devel-linux-x86_64-fedora-clang | 0.4 | 42.60 | NOTE | |||
r-devel-linux-x86_64-fedora-gcc | 0.4 | 40.32 | NOTE | |||
r-prerel-macos-arm64 | 0.4 | 16.00 | NOTE | |||
r-prerel-windows-x86_64 | 0.4 | 3.00 | 45.00 | 48.00 | NOTE | |
r-patched-linux-x86_64 | 0.4 | 3.45 | 29.14 | 32.59 | NOTE | |
r-release-linux-x86_64 | 0.4 | 3.17 | 29.05 | 32.22 | NOTE | |
r-release-macos-arm64 | 0.4 | 18.00 | NOTE | |||
r-release-macos-x86_64 | 0.4 | 27.00 | NOTE | |||
r-release-windows-x86_64 | 0.4 | 5.00 | 46.00 | 51.00 | NOTE | |
r-oldrel-macos-arm64 | 0.4 | 18.00 | NOTE | |||
r-oldrel-windows-x86_64 | 0.4 | 4.00 | 54.00 | 58.00 | NOTE |
Version: 0.4
Check: DESCRIPTION meta-information
Result: NOTE
Malformed Description field: should contain one or more complete sentences.
Flavors: r-devel-linux-x86_64-debian-clang, r-devel-linux-x86_64-debian-gcc, r-devel-linux-x86_64-fedora-clang, r-devel-linux-x86_64-fedora-gcc, r-prerel-macos-arm64, r-prerel-windows-x86_64, r-patched-linux-x86_64, r-release-linux-x86_64, r-release-macos-arm64, r-release-macos-x86_64, r-release-windows-x86_64, r-oldrel-macos-arm64, r-oldrel-windows-x86_64