CRAN Package Check Results for Package ACEP

Last updated on 2025-05-19 18:50:20 CEST.

Flavor Version Tinstall Tcheck Ttotal Status Flags
r-devel-linux-x86_64-debian-clang 0.0.22 2.09 27.05 29.14 NOTE
r-devel-linux-x86_64-debian-gcc 0.0.22 1.72 19.91 21.63 NOTE
r-devel-linux-x86_64-fedora-clang 0.0.22 44.93 NOTE
r-devel-linux-x86_64-fedora-gcc 0.0.22 43.14 NOTE
r-devel-windows-x86_64 0.0.22 5.00 67.00 72.00 NOTE
r-patched-linux-x86_64 0.0.22 2.46 26.14 28.60 NOTE
r-release-linux-x86_64 0.0.22 2.22 25.31 27.53 NOTE
r-release-macos-arm64 0.0.22 31.00 NOTE
r-release-macos-x86_64 0.0.22 47.00 NOTE
r-release-windows-x86_64 0.0.22 4.00 61.00 65.00 NOTE
r-oldrel-macos-arm64 0.0.22 29.00 OK
r-oldrel-macos-x86_64 0.0.22 41.00 OK
r-oldrel-windows-x86_64 0.0.22 5.00 61.00 66.00 OK

Check Details

Version: 0.0.22
Check: DESCRIPTION meta-information
Result: NOTE Missing dependency on R >= 4.1.0 because package code uses the pipe |> or function shorthand \(...) syntax added in R 4.1.0. File(s) using such syntax: ‘acep_load_base.Rd’ ‘acep_rst.Rd’ ‘acep_token_plot.R’ ‘acep_token_table.R’ Flavors: r-devel-linux-x86_64-debian-clang, r-devel-linux-x86_64-debian-gcc, r-devel-linux-x86_64-fedora-clang, r-devel-linux-x86_64-fedora-gcc, r-devel-windows-x86_64, r-patched-linux-x86_64, r-release-linux-x86_64, r-release-macos-arm64, r-release-macos-x86_64, r-release-windows-x86_64