CRAN Package Check Results for Package AER

Last updated on 2018-10-21 06:46:24 CEST.

Flavor Version Tinstall Tcheck Ttotal Status Flags
r-devel-linux-x86_64-debian-clang 1.2-5 9.72 272.23 281.95 OK
r-devel-linux-x86_64-debian-gcc 1.2-5 5.75 210.86 216.61 OK
r-devel-linux-x86_64-fedora-clang 1.2-5 333.69 OK
r-devel-linux-x86_64-fedora-gcc 1.2-5 324.66 OK
r-devel-windows-ix86+x86_64 1.2-5 28.00 393.00 421.00 OK
r-patched-linux-x86_64 1.2-5 6.43 245.48 251.91 OK
r-patched-solaris-x86 1.2-5 451.90 OK
r-release-linux-x86_64 1.2-5 5.32 247.54 252.86 NOTE
r-release-windows-ix86+x86_64 1.2-5 24.00 393.00 417.00 OK
r-release-osx-x86_64 1.2-5 OK
r-oldrel-windows-ix86+x86_64 1.2-5 15.00 323.00 338.00 OK
r-oldrel-osx-x86_64 1.2-5 OK

Check Details

Version: 1.2-5
Check: package dependencies
Result: NOTE
    Package suggested but not available for checking: ‘rgl’
Flavor: r-release-linux-x86_64