Last updated on 2025-11-23 05:50:09 CET.
| Flavor | Version | Tinstall | Tcheck | Ttotal | Status | Flags |
|---|---|---|---|---|---|---|
| r-devel-linux-x86_64-debian-clang | 1.1.0 | 8.10 | 64.87 | 72.97 | NOTE | |
| r-devel-linux-x86_64-debian-gcc | 1.1.0 | 5.21 | 45.11 | 50.32 | NOTE | |
| r-devel-linux-x86_64-fedora-clang | 1.1.0 | 21.00 | 85.43 | 106.43 | NOTE | |
| r-devel-windows-x86_64 | 1.1.0 | 9.00 | 75.00 | 84.00 | NOTE | |
| r-patched-linux-x86_64 | 1.1.0 | 7.72 | 56.69 | 64.41 | NOTE | |
| r-release-linux-x86_64 | 1.1.0 | 7.81 | 56.83 | 64.64 | NOTE | |
| r-release-macos-arm64 | 1.1.0 | NOTE | ||||
| r-release-macos-x86_64 | 1.1.0 | 5.00 | 38.00 | 43.00 | NOTE | |
| r-release-windows-x86_64 | 1.1.0 | 10.00 | 96.00 | 106.00 | NOTE | |
| r-oldrel-macos-arm64 | 1.1.0 | NOTE | ||||
| r-oldrel-macos-x86_64 | 1.1.0 | 5.00 | 36.00 | 41.00 | NOTE | |
| r-oldrel-windows-x86_64 | 1.1.0 | 12.00 | 95.00 | 107.00 | NOTE |
Version: 1.1.0
Check: CRAN incoming feasibility
Result: NOTE
Maintainer: ‘Michael Kleinsasser <mkleinsa@umich.edu>’
The Description field contains
<arXiv:2007.02266>.
Please refer to arXiv e-prints via their arXiv DOI <doi:10.48550/arXiv.YYMM.NNNNN>.
Flavors: r-devel-linux-x86_64-debian-clang, r-devel-linux-x86_64-debian-gcc
Version: 1.1.0
Check: Rd files
Result: NOTE
checkRd: (-1) count_cases.Rd:49: Lost braces in \itemize; \value handles \item{}{} directly
checkRd: (-1) count_cases.Rd:50: Lost braces in \itemize; \value handles \item{}{} directly
checkRd: (-1) count_cases.Rd:51: Lost braces in \itemize; \value handles \item{}{} directly
checkRd: (-1) count_cases.Rd:52: Lost braces in \itemize; \value handles \item{}{} directly
checkRd: (-1) count_cases.Rd:53: Lost braces in \itemize; \value handles \item{}{} directly
checkRd: (-1) enrich.Rd:75: Lost braces in \itemize; \value handles \item{}{} directly
checkRd: (-1) enrich.Rd:76: Lost braces in \itemize; \value handles \item{}{} directly
checkRd: (-1) enrich.Rd:77: Lost braces in \itemize; \value handles \item{}{} directly
checkRd: (-1) enrich.Rd:78: Lost braces in \itemize; \value handles \item{}{} directly
checkRd: (-1) enrich.Rd:83: Lost braces in \itemize; \value handles \item{}{} directly
checkRd: (-1) enrich.Rd:84: Lost braces in \itemize; \value handles \item{}{} directly
checkRd: (-1) enrich.Rd:85: Lost braces in \itemize; \value handles \item{}{} directly
checkRd: (-1) enrich.Rd:86: Lost braces in \itemize; \value handles \item{}{} directly
checkRd: (-1) enrich.Rd:87: Lost braces in \itemize; \value handles \item{}{} directly
checkRd: (-1) enrich.Rd:88: Lost braces in \itemize; \value handles \item{}{} directly
Flavors: r-devel-linux-x86_64-debian-clang, r-devel-linux-x86_64-debian-gcc, r-devel-linux-x86_64-fedora-clang, r-devel-windows-x86_64, r-patched-linux-x86_64, r-release-linux-x86_64, r-release-macos-arm64, r-release-macos-x86_64, r-release-windows-x86_64, r-oldrel-macos-arm64, r-oldrel-macos-x86_64, r-oldrel-windows-x86_64