Last updated on 2025-11-22 17:49:23 CET.
| Flavor | Version | Tinstall | Tcheck | Ttotal | Status | Flags |
|---|---|---|---|---|---|---|
| r-devel-linux-x86_64-debian-clang | 1.3.0 | 47.67 | 290.81 | 338.48 | OK | |
| r-devel-linux-x86_64-debian-gcc | 1.3.0 | 35.92 | 193.17 | 229.09 | OK | |
| r-devel-linux-x86_64-fedora-clang | 1.3.0 | 111.00 | 457.69 | 568.69 | OK | |
| r-devel-windows-x86_64 | 1.3.0 | 65.00 | 328.00 | 393.00 | OK | |
| r-patched-linux-x86_64 | 1.3.0 | 48.55 | 280.72 | 329.27 | OK | |
| r-release-linux-x86_64 | 1.3.0 | 49.07 | 277.07 | 326.14 | OK | |
| r-release-macos-arm64 | 1.3.0 | OK | ||||
| r-release-macos-x86_64 | 1.3.0 | 23.00 | 285.00 | 308.00 | OK | |
| r-release-windows-x86_64 | 1.3.0 | 56.00 | 253.00 | 309.00 | OK | |
| r-oldrel-macos-arm64 | 1.3.0 | NOTE | ||||
| r-oldrel-macos-x86_64 | 1.3.0 | 25.00 | 224.00 | 249.00 | NOTE | |
| r-oldrel-windows-x86_64 | 1.3.0 | 72.00 | 353.00 | 425.00 | OK |
Version: 1.3.0
Check: installed package size
Result: NOTE
installed size is 5.2Mb
sub-directories of 1Mb or more:
help 1.1Mb
libs 3.0Mb
Flavors: r-oldrel-macos-arm64, r-oldrel-macos-x86_64