Last updated on 2025-11-04 13:50:09 CET.
| Flavor | Version | Tinstall | Tcheck | Ttotal | Status | Flags |
|---|---|---|---|---|---|---|
| r-devel-linux-x86_64-debian-clang | 1.3 | 14.37 | 132.22 | 146.59 | NOTE | |
| r-devel-linux-x86_64-debian-gcc | 1.3 | 9.29 | 91.89 | 101.18 | NOTE | |
| r-devel-linux-x86_64-fedora-clang | 1.3 | 34.00 | 195.81 | 229.81 | OK | |
| r-devel-linux-x86_64-fedora-gcc | 1.3 | 27.00 | 200.51 | 227.51 | OK | |
| r-devel-windows-x86_64 | 1.3 | 16.00 | 127.00 | 143.00 | OK | |
| r-patched-linux-x86_64 | 1.3 | 13.01 | 120.47 | 133.48 | OK | |
| r-release-linux-x86_64 | 1.3 | 14.49 | 122.24 | 136.73 | OK | |
| r-release-macos-arm64 | 1.3 | 6.00 | 59.00 | 65.00 | OK | |
| r-release-macos-x86_64 | 1.3 | 12.00 | 103.00 | 115.00 | OK | |
| r-release-windows-x86_64 | 1.3 | 16.00 | 125.00 | 141.00 | OK | |
| r-oldrel-macos-arm64 | 1.3 | 6.00 | 58.00 | 64.00 | OK | |
| r-oldrel-macos-x86_64 | 1.3 | 8.00 | 81.00 | 89.00 | OK | |
| r-oldrel-windows-x86_64 | 1.3 | 21.00 | 166.00 | 187.00 | OK |
Version: 1.3
Check: CRAN incoming feasibility
Result: NOTE
Maintainer: ‘Pengyi Yang <yangpy7@gmail.com>’
No Authors@R field in DESCRIPTION.
Please add one, modifying
Authors@R: person(given = "Pengyi",
family = "Yang",
role = c("aut", "cre"),
email = "yangpy7@gmail.com")
as necessary.
Flavors: r-devel-linux-x86_64-debian-clang, r-devel-linux-x86_64-debian-gcc