Last updated on 2025-11-23 17:50:05 CET.
| Flavor | Version | Tinstall | Tcheck | Ttotal | Status | Flags |
|---|---|---|---|---|---|---|
| r-devel-linux-x86_64-debian-clang | 0.8.1 | 19.32 | 116.71 | 136.03 | NOTE | |
| r-devel-linux-x86_64-debian-gcc | 0.8.1 | 10.58 | 77.79 | 88.37 | NOTE | |
| r-devel-linux-x86_64-fedora-clang | 0.8.1 | 40.00 | 173.74 | 213.74 | NOTE | |
| r-devel-windows-x86_64 | 0.8.1 | 22.00 | 114.00 | 136.00 | NOTE | |
| r-patched-linux-x86_64 | 0.8.1 | 19.63 | 102.12 | 121.75 | NOTE | |
| r-release-linux-x86_64 | 0.8.1 | 19.52 | 103.55 | 123.07 | NOTE | |
| r-release-macos-arm64 | 0.8.1 | NOTE | ||||
| r-release-macos-x86_64 | 0.8.1 | 17.00 | 144.00 | 161.00 | NOTE | |
| r-release-windows-x86_64 | 0.8.1 | 19.00 | 134.00 | 153.00 | NOTE | |
| r-oldrel-macos-arm64 | 0.8.1 | NOTE | ||||
| r-oldrel-macos-x86_64 | 0.8.1 | 13.00 | 112.00 | 125.00 | NOTE | |
| r-oldrel-windows-x86_64 | 0.8.1 | 26.00 | 148.00 | 174.00 | NOTE |
Version: 0.8.1
Check: CRAN incoming feasibility
Result: NOTE
Maintainer: ‘Dan Dediu <ddediu@gmail.com>’
Package CITATION file contains call(s) to old-style personList() or
as.personList(). Please use c() on person objects instead.
Package CITATION file contains call(s) to old-style citEntry(). Please
use bibentry() instead.
Flavors: r-devel-linux-x86_64-debian-clang, r-devel-linux-x86_64-debian-gcc
Version: 0.8.1
Check: Rd files
Result: NOTE
checkRd: (-1) med.groups.Rd:20: Lost braces; missing escapes or markup?
20 | medication groups using the construction \emph{"{NAME}"}.
| ^
checkRd: (-1) med.groups.Rd:26: Lost braces; missing escapes or markup?
26 | Another example is "NotVita" defined as "(!{Vitamines})", which selects all
| ^
Flavors: r-devel-linux-x86_64-debian-clang, r-devel-linux-x86_64-debian-gcc, r-devel-linux-x86_64-fedora-clang, r-devel-windows-x86_64, r-patched-linux-x86_64, r-release-linux-x86_64, r-release-macos-arm64, r-release-macos-x86_64, r-release-windows-x86_64, r-oldrel-macos-arm64, r-oldrel-macos-x86_64, r-oldrel-windows-x86_64
Version: 0.8.1
Check: installed package size
Result: NOTE
installed size is 6.2Mb
sub-directories of 1Mb or more:
doc 3.7Mb
Flavors: r-oldrel-macos-arm64, r-oldrel-macos-x86_64, r-oldrel-windows-x86_64