Last updated on 2025-07-01 18:48:27 CEST.
Flavor | Version | Tinstall | Tcheck | Ttotal | Status | Flags |
---|---|---|---|---|---|---|
r-devel-linux-x86_64-debian-clang | 2.0.2 | 3.73 | 26.08 | 29.81 | NOTE | |
r-devel-linux-x86_64-debian-gcc | 2.0.2 | 2.74 | 20.22 | 22.96 | NOTE | |
r-devel-linux-x86_64-fedora-clang | 2.0.2 | 50.92 | OK | |||
r-devel-linux-x86_64-fedora-gcc | 2.0.2 | 46.94 | OK | |||
r-devel-windows-x86_64 | 2.0.2 | 7.00 | 44.00 | 51.00 | OK | |
r-patched-linux-x86_64 | OK | |||||
r-release-linux-x86_64 | 2.0.2 | 3.06 | 24.20 | 27.26 | OK | |
r-release-macos-arm64 | 2.0.2 | 20.00 | OK | |||
r-release-macos-x86_64 | 2.0.2 | 43.00 | OK | |||
r-release-windows-x86_64 | 2.0.2 | 5.00 | 46.00 | 51.00 | OK | |
r-oldrel-macos-arm64 | 2.0.2 | 22.00 | OK | |||
r-oldrel-macos-x86_64 | 2.0.2 | 27.00 | OK | |||
r-oldrel-windows-x86_64 | 2.0.2 | 5.00 | 49.00 | 54.00 | OK |
Version: 2.0.2
Check: CRAN incoming feasibility
Result: NOTE
Maintainer: ‘Emily Weiser <emily.l.weiser@gmail.com>’
No Authors@R field in DESCRIPTION.
Please add one, modifying
Authors@R: c(person(given = c("Emily", "L."),
family = "Weiser",
role = "aut"),
person(given = "Emily",
family = "Weiser",
role = "cre",
email = "emily.l.weiser@gmail.com"))
as necessary.
Package CITATION file contains call(s) to old-style personList() or
as.personList(). Please use c() on person objects instead.
Package CITATION file contains call(s) to old-style citEntry(). Please
use bibentry() instead.
Flavors: r-devel-linux-x86_64-debian-clang, r-devel-linux-x86_64-debian-gcc