Last updated on 2025-11-22 17:49:23 CET.
| Flavor | Version | Tinstall | Tcheck | Ttotal | Status | Flags |
|---|---|---|---|---|---|---|
| r-devel-linux-x86_64-debian-clang | 0.1 | 2.82 | 43.05 | 45.87 | OK | |
| r-devel-linux-x86_64-debian-gcc | 0.1 | 2.15 | 31.05 | 33.20 | OK | |
| r-devel-linux-x86_64-fedora-clang | 0.1 | 70.81 | NOTE | |||
| r-devel-windows-x86_64 | 0.1 | 6.00 | 62.00 | 68.00 | OK | |
| r-patched-linux-x86_64 | 0.1 | 3.30 | 40.71 | 44.01 | OK | |
| r-release-linux-x86_64 | 0.1 | 3.22 | 40.29 | 43.51 | OK | |
| r-release-macos-arm64 | 0.1 | OK | ||||
| r-release-macos-x86_64 | 0.1 | 3.00 | 42.00 | 45.00 | OK | |
| r-release-windows-x86_64 | 0.1 | 5.00 | 62.00 | 67.00 | OK | |
| r-oldrel-macos-arm64 | 0.1 | OK | ||||
| r-oldrel-macos-x86_64 | 0.1 | 3.00 | 43.00 | 46.00 | OK | |
| r-oldrel-windows-x86_64 | 0.1 | 7.00 | 73.00 | 80.00 | OK |
Version: 0.1
Check: dependencies in R code
Result: NOTE
Namespace in Imports field not imported from: ‘class’
All declared Imports should be used.
Flavor: r-devel-linux-x86_64-fedora-clang