CRAN Package Check Results for Package AntMAN

Last updated on 2025-07-21 18:52:58 CEST.

Flavor Version Tinstall Tcheck Ttotal Status Flags
r-devel-linux-x86_64-debian-clang 1.1.0 52.64 293.33 345.97 NOTE
r-devel-linux-x86_64-debian-gcc 1.1.0 39.14 186.39 225.53 NOTE
r-devel-linux-x86_64-fedora-clang 1.1.0 519.54 NOTE
r-devel-linux-x86_64-fedora-gcc 1.1.0 495.86 NOTE
r-devel-windows-x86_64 1.1.0 59.00 310.00 369.00 NOTE
r-patched-linux-x86_64 1.1.0 53.52 279.96 333.48 NOTE
r-release-linux-x86_64 1.1.0 51.23 274.37 325.60 NOTE
r-release-macos-arm64 1.1.0 131.00 NOTE
r-release-macos-x86_64 1.1.0 302.00 NOTE
r-release-windows-x86_64 1.1.0 51.00 321.00 372.00 NOTE
r-oldrel-macos-arm64 1.1.0 121.00 NOTE
r-oldrel-macos-x86_64 1.1.0 167.00 NOTE
r-oldrel-windows-x86_64 1.1.0 71.00 395.00 466.00 NOTE

Check Details

Version: 1.1.0
Check: CRAN incoming feasibility
Result: NOTE Maintainer: ‘Bruno Bodin <bruno.bodin@yale-nus.edu.sg>’ The Description field contains by Argiento and De Iorio (2019) <arXiv:1904.09733> and offers a more Please refer to arXiv e-prints via their arXiv DOI <doi:10.48550/arXiv.YYMM.NNNNN>. Flavors: r-devel-linux-x86_64-debian-clang, r-devel-linux-x86_64-debian-gcc

Version: 1.1.0
Check: C++ specification
Result: NOTE Specified C++11: please drop specification unless essential Flavors: r-devel-linux-x86_64-debian-clang, r-devel-linux-x86_64-debian-gcc, r-devel-linux-x86_64-fedora-clang, r-devel-linux-x86_64-fedora-gcc, r-devel-windows-x86_64, r-patched-linux-x86_64, r-release-linux-x86_64, r-release-macos-arm64, r-release-macos-x86_64, r-release-windows-x86_64, r-oldrel-macos-arm64, r-oldrel-macos-x86_64, r-oldrel-windows-x86_64

Version: 1.1.0
Check: dependencies in R code
Result: NOTE Namespaces in Imports field not imported from: ‘Rdpack’ ‘mcclust’ All declared Imports should be used. Flavors: r-devel-linux-x86_64-fedora-clang, r-devel-linux-x86_64-fedora-gcc

Version: 1.1.0
Check: installed package size
Result: NOTE installed size is 5.6Mb sub-directories of 1Mb or more: libs 5.3Mb Flavors: r-oldrel-macos-arm64, r-oldrel-macos-x86_64