Last updated on 2025-11-23 05:50:09 CET.
| Flavor | Version | Tinstall | Tcheck | Ttotal | Status | Flags |
|---|---|---|---|---|---|---|
| r-devel-linux-x86_64-debian-clang | 0.3-1 | 7.63 | 59.55 | 67.18 | NOTE | |
| r-devel-linux-x86_64-debian-gcc | 0.3-1 | 5.27 | 45.09 | 50.36 | NOTE | |
| r-devel-linux-x86_64-fedora-clang | 0.3-1 | 14.00 | 87.06 | 101.06 | NOTE | |
| r-devel-windows-x86_64 | 0.3-1 | 11.00 | 69.00 | 80.00 | NOTE | |
| r-patched-linux-x86_64 | 0.3-1 | 7.25 | 56.92 | 64.17 | NOTE | |
| r-release-linux-x86_64 | 0.3-1 | 6.47 | 56.79 | 63.26 | NOTE | |
| r-release-macos-arm64 | 0.3-1 | NOTE | ||||
| r-release-macos-x86_64 | 0.3-1 | 6.00 | 66.00 | 72.00 | NOTE | |
| r-release-windows-x86_64 | 0.3-1 | 8.00 | 78.00 | 86.00 | NOTE | |
| r-oldrel-macos-arm64 | 0.3-1 | NOTE | ||||
| r-oldrel-macos-x86_64 | 0.3-1 | 5.00 | 38.00 | 43.00 | NOTE | |
| r-oldrel-windows-x86_64 | 0.3-1 | 11.00 | 86.00 | 97.00 | NOTE |
Version: 0.3-1
Check: Rd files
Result: NOTE
checkRd: (-1) estimate_t0.Rd:41: Lost braces in \itemize; meant \describe ?
checkRd: (-1) estimate_t0.Rd:42: Lost braces in \itemize; meant \describe ?
checkRd: (-1) estimate_t0.Rd:43: Lost braces in \itemize; meant \describe ?
checkRd: (-1) fitArCo.Rd:73: Lost braces in \itemize; meant \describe ?
checkRd: (-1) fitArCo.Rd:74: Lost braces in \itemize; meant \describe ?
checkRd: (-1) fitArCo.Rd:75: Lost braces in \itemize; meant \describe ?
Flavors: r-devel-linux-x86_64-debian-clang, r-devel-linux-x86_64-debian-gcc, r-devel-linux-x86_64-fedora-clang, r-devel-windows-x86_64, r-patched-linux-x86_64, r-release-linux-x86_64, r-release-macos-arm64, r-release-macos-x86_64, r-release-windows-x86_64, r-oldrel-macos-arm64, r-oldrel-macos-x86_64, r-oldrel-windows-x86_64