Last updated on 2025-05-05 06:51:28 CEST.
Flavor | Version | Tinstall | Tcheck | Ttotal | Status | Flags |
---|---|---|---|---|---|---|
r-devel-linux-x86_64-debian-clang | 2.1-1 | 1.68 | 22.31 | 23.99 | NOTE | |
r-devel-linux-x86_64-debian-gcc | 2.1-1 | 1.21 | 17.88 | 19.09 | NOTE | |
r-devel-linux-x86_64-fedora-clang | 2.1-1 | 37.11 | OK | |||
r-devel-linux-x86_64-fedora-gcc | 2.1-1 | 36.00 | OK | |||
r-devel-windows-x86_64 | 2.1-1 | 3.00 | 46.00 | 49.00 | OK | |
r-patched-linux-x86_64 | 2.1-1 | 1.59 | 21.36 | 22.95 | OK | |
r-release-linux-x86_64 | 2.1-1 | 1.55 | 21.70 | 23.25 | OK | |
r-release-macos-arm64 | 2.1-1 | 16.00 | OK | |||
r-release-macos-x86_64 | 2.1-1 | 29.00 | OK | |||
r-release-windows-x86_64 | 2.1-1 | 3.00 | 47.00 | 50.00 | OK | |
r-oldrel-macos-arm64 | 2.1-1 | 22.00 | OK | |||
r-oldrel-macos-x86_64 | 2.1-1 | 27.00 | OK | |||
r-oldrel-windows-x86_64 | 2.1-1 | 3.00 | 46.00 | 49.00 | OK |
Version: 2.1-1
Check: CRAN incoming feasibility
Result: NOTE
Maintainer: ‘Susana Barbosa <sabarbosa@fc.ul.pt>’
No Authors@R field in DESCRIPTION.
Please add one, modifying
Authors@R: person(given = "Susana",
family = "Barbosa",
role = c("aut", "cre"),
email = "sabarbosa@fc.ul.pt")
as necessary.
Flavors: r-devel-linux-x86_64-debian-clang, r-devel-linux-x86_64-debian-gcc