Last updated on 2024-07-03 18:57:31 CEST.
Flavor | Version | Tinstall | Tcheck | Ttotal | Status | Flags |
---|---|---|---|---|---|---|
r-devel-linux-x86_64-debian-clang | 2.0.5 | 17.20 | 128.43 | 145.63 | OK | |
r-devel-linux-x86_64-debian-gcc | 2.0.5 | 12.27 | 93.43 | 105.70 | OK | |
r-devel-linux-x86_64-fedora-clang | 2.0.5 | 177.72 | NOTE | |||
r-devel-linux-x86_64-fedora-gcc | 2.0.5 | 170.64 | OK | |||
r-devel-windows-x86_64 | 2.0.5 | 14.00 | 112.00 | 126.00 | NOTE | |
r-patched-linux-x86_64 | 2.0.5 | 14.49 | 120.41 | 134.90 | OK | |
r-release-linux-x86_64 | 2.0.5 | 9.60 | 121.48 | 131.08 | OK | |
r-release-macos-arm64 | 2.0.5 | 48.00 | NOTE | |||
r-release-macos-x86_64 | 2.0.5 | 107.00 | NOTE | |||
r-release-windows-x86_64 | 2.0.5 | 15.00 | 112.00 | 127.00 | NOTE | |
r-oldrel-macos-arm64 | 2.0.5 | 52.00 | NOTE | |||
r-oldrel-macos-x86_64 | 2.0.5 | 91.00 | NOTE | |||
r-oldrel-windows-x86_64 | 2.0.5 | 17.00 | 134.00 | 151.00 | NOTE |
Version: 2.0.5
Check: installed package size
Result: NOTE
installed size is 5.4Mb
sub-directories of 1Mb or more:
data 5.1Mb
Flavors: r-devel-linux-x86_64-fedora-clang, r-devel-windows-x86_64, r-release-macos-arm64, r-release-macos-x86_64, r-release-windows-x86_64, r-oldrel-macos-arm64, r-oldrel-macos-x86_64, r-oldrel-windows-x86_64