Last updated on 2024-04-23 06:56:47 CEST.
Flavor | Version | Tinstall | Tcheck | Ttotal | Status | Flags |
---|---|---|---|---|---|---|
r-devel-linux-x86_64-debian-clang | 0.1.3 | 5.55 | 43.78 | 49.33 | NOTE | |
r-devel-linux-x86_64-debian-gcc | 0.1.3 | 3.92 | 33.76 | 37.68 | NOTE | |
r-devel-linux-x86_64-fedora-clang | 0.1.3 | 61.92 | NOTE | |||
r-devel-linux-x86_64-fedora-gcc | 0.1.3 | 80.30 | NOTE | |||
r-prerel-macos-arm64 | 0.1.3 | 31.00 | NOTE | |||
r-prerel-windows-x86_64 | 0.1.3 | 5.00 | 58.00 | 63.00 | NOTE | |
r-patched-linux-x86_64 | 0.1.3 | 4.41 | 42.75 | 47.16 | NOTE | |
r-release-linux-x86_64 | 0.1.3 | 5.57 | 40.90 | 46.47 | NOTE | |
r-release-macos-arm64 | 0.1.3 | 32.00 | NOTE | |||
r-release-macos-x86_64 | 0.1.3 | 44.00 | NOTE | |||
r-release-windows-x86_64 | 0.1.3 | 7.00 | 60.00 | 67.00 | NOTE | |
r-oldrel-macos-arm64 | 0.1.3 | 24.00 | NOTE | |||
r-oldrel-windows-x86_64 | 0.1.3 | 8.00 | 65.00 | 73.00 | NOTE |
Version: 0.1.3
Check: LazyData
Result: NOTE
'LazyData' is specified without a 'data' directory
Flavors: r-devel-linux-x86_64-debian-clang, r-devel-linux-x86_64-debian-gcc, r-devel-linux-x86_64-fedora-clang, r-devel-linux-x86_64-fedora-gcc, r-prerel-macos-arm64, r-prerel-windows-x86_64, r-patched-linux-x86_64, r-release-linux-x86_64, r-release-macos-arm64, r-release-macos-x86_64, r-release-windows-x86_64, r-oldrel-macos-arm64, r-oldrel-windows-x86_64