Last updated on 2025-11-23 05:50:10 CET.
| Flavor | Version | Tinstall | Tcheck | Ttotal | Status | Flags |
|---|---|---|---|---|---|---|
| r-devel-linux-x86_64-debian-clang | 1.0.0 | 1.58 | 22.96 | 24.54 | NOTE | |
| r-devel-linux-x86_64-debian-gcc | 1.0.0 | 1.59 | 18.49 | 20.08 | NOTE | |
| r-devel-linux-x86_64-fedora-clang | 1.0.0 | 36.05 | OK | |||
| r-devel-windows-x86_64 | 1.0.0 | 4.00 | 42.00 | 46.00 | OK | |
| r-patched-linux-x86_64 | 1.0.0 | 2.19 | 20.88 | 23.07 | OK | |
| r-release-linux-x86_64 | 1.0.0 | 1.85 | 21.00 | 22.85 | OK | |
| r-release-macos-arm64 | 1.0.0 | OK | ||||
| r-release-macos-x86_64 | 1.0.0 | 2.00 | 24.00 | 26.00 | OK | |
| r-release-windows-x86_64 | 1.0.0 | 4.00 | 47.00 | 51.00 | OK | |
| r-oldrel-macos-arm64 | 1.0.0 | OK | ||||
| r-oldrel-macos-x86_64 | 1.0.0 | 2.00 | 20.00 | 22.00 | OK | |
| r-oldrel-windows-x86_64 | 1.0.0 | 4.00 | 48.00 | 52.00 | OK |
Version: 1.0.0
Check: CRAN incoming feasibility
Result: NOTE
Maintainer: ‘Jiawei Zhang <zhan4362@umn.edu>’
The Description field contains
can be found in Zhang, Ding and Yang (2021) <arXiv:1911.03063v2>.
Please refer to arXiv e-prints via their arXiv DOI <doi:10.48550/arXiv.YYMM.NNNNN>.
Flavors: r-devel-linux-x86_64-debian-clang, r-devel-linux-x86_64-debian-gcc