CRAN Package Check Results for Package BCgee

Last updated on 2025-11-04 13:50:10 CET.

Flavor Version Tinstall Tcheck Ttotal Status Flags
r-devel-linux-x86_64-debian-clang 0.1.1 1.92 21.70 23.62 NOTE
r-devel-linux-x86_64-debian-gcc 0.1.1 1.69 17.60 19.29 NOTE
r-devel-linux-x86_64-fedora-clang 0.1.1 35.76 OK
r-devel-linux-x86_64-fedora-gcc 0.1.1 33.32 OK
r-devel-windows-x86_64 0.1.1 4.00 44.00 48.00 OK
r-patched-linux-x86_64 0.1.1 2.14 20.24 22.38 OK
r-release-linux-x86_64 0.1.1 1.93 20.39 22.32 OK
r-release-macos-arm64 0.1.1 1.00 16.00 17.00 OK
r-release-macos-x86_64 0.1.1 2.00 23.00 25.00 OK
r-release-windows-x86_64 0.1.1 3.00 40.00 43.00 OK
r-oldrel-macos-arm64 0.1.1 1.00 20.00 21.00 OK
r-oldrel-macos-x86_64 0.1.1 3.00 27.00 30.00 OK
r-oldrel-windows-x86_64 0.1.1 3.00 45.00 48.00 OK

Check Details

Version: 0.1.1
Check: CRAN incoming feasibility
Result: NOTE Maintainer: ‘Nicola Lunardon <nicola.lunardon@unimib.it>’ No Authors@R field in DESCRIPTION. Please add one, modifying Authors@R: c(person(given = "Nicola", family = "Lunardon", role = c("aut", "cre"), email = "nicola.lunardon@unimib.it"), person(given = "Daniel", family = "Scharfstein", role = "aut", email = "dscharf@jhu.edu")) as necessary. Flavors: r-devel-linux-x86_64-debian-clang, r-devel-linux-x86_64-debian-gcc