Last updated on 2025-10-27 05:50:06 CET.
| Flavor | Version | Tinstall | Tcheck | Ttotal | Status | Flags |
|---|---|---|---|---|---|---|
| r-devel-linux-x86_64-debian-clang | 2.74 | 50.11 | 87.71 | 137.82 | OK | |
| r-devel-linux-x86_64-debian-gcc | 2.74 | 39.13 | 59.09 | 98.22 | OK | |
| r-devel-linux-x86_64-fedora-clang | 2.74 | 185.00 | 37.38 | 222.38 | OK | |
| r-devel-linux-x86_64-fedora-gcc | 2.74 | 120.00 | 116.12 | 236.12 | OK | |
| r-devel-windows-x86_64 | 2.74 | 59.00 | 109.00 | 168.00 | OK | |
| r-patched-linux-x86_64 | 2.74 | 59.73 | 78.19 | 137.92 | OK | |
| r-release-linux-x86_64 | 2.74 | 57.25 | 78.38 | 135.63 | OK | |
| r-release-macos-arm64 | 2.74 | 18.00 | 69.00 | 87.00 | OK | |
| r-release-macos-x86_64 | 2.74 | 21.00 | 80.00 | 101.00 | OK | |
| r-release-windows-x86_64 | 2.74 | 59.00 | 113.00 | 172.00 | OK | |
| r-oldrel-macos-arm64 | 2.74 | 18.00 | 65.00 | 83.00 | OK | |
| r-oldrel-macos-x86_64 | 2.74 | 19.00 | 92.00 | 111.00 | NOTE | |
| r-oldrel-windows-x86_64 | 2.74 | 73.00 | 126.00 | 199.00 | OK |
Version: 2.74
Check: installed package size
Result: NOTE
installed size is 5.1Mb
sub-directories of 1Mb or more:
libs 3.6Mb
Flavor: r-oldrel-macos-x86_64