Last updated on 2024-07-03 18:57:32 CEST.
Flavor | Version | Tinstall | Tcheck | Ttotal | Status | Flags |
---|---|---|---|---|---|---|
r-devel-linux-x86_64-debian-clang | 1.3.0 | 34.35 | 234.63 | 268.98 | OK | |
r-devel-linux-x86_64-debian-gcc | 1.3.0 | 33.24 | 167.11 | 200.35 | OK | |
r-devel-linux-x86_64-fedora-clang | 1.3.0 | 331.44 | NOTE | |||
r-devel-linux-x86_64-fedora-gcc | 1.3.0 | 354.98 | OK | |||
r-devel-windows-x86_64 | 1.3.0 | 35.00 | 163.00 | 198.00 | OK | |
r-patched-linux-x86_64 | 1.3.0 | 39.87 | 224.42 | 264.29 | OK | |
r-release-linux-x86_64 | 1.3.0 | 25.09 | 222.49 | 247.58 | OK | |
r-release-macos-arm64 | 1.3.0 | 89.00 | OK | |||
r-release-macos-x86_64 | 1.3.0 | 241.00 | OK | |||
r-release-windows-x86_64 | 1.3.0 | 36.00 | 164.00 | 200.00 | OK | |
r-oldrel-macos-arm64 | 1.3.0 | 92.00 | OK | |||
r-oldrel-macos-x86_64 | 1.3.0 | 185.00 | OK | |||
r-oldrel-windows-x86_64 | 1.3.0 | 45.00 | 213.00 | 258.00 | OK |
Version: 1.3.0
Check: installed package size
Result: NOTE
installed size is 6.3Mb
sub-directories of 1Mb or more:
libs 5.5Mb
Flavor: r-devel-linux-x86_64-fedora-clang