Last updated on 2024-04-18 18:57:27 CEST.
Flavor | Version | Tinstall | Tcheck | Ttotal | Status | Flags |
---|---|---|---|---|---|---|
r-devel-linux-x86_64-debian-clang | 2016.05.31 | 2.93 | 38.84 | 41.77 | NOTE | |
r-devel-linux-x86_64-debian-gcc | 2016.05.31 | 2.20 | 30.15 | 32.35 | NOTE | |
r-devel-linux-x86_64-fedora-clang | 2016.05.31 | 54.51 | NOTE | |||
r-devel-linux-x86_64-fedora-gcc | 2016.05.31 | 68.93 | NOTE | |||
r-prerel-macos-arm64 | 2016.05.31 | 27.00 | NOTE | |||
r-prerel-windows-x86_64 | 2016.05.31 | 3.00 | 71.00 | 74.00 | NOTE | |
r-patched-linux-x86_64 | 2016.05.31 | 2.88 | 37.86 | 40.74 | NOTE | |
r-release-linux-x86_64 | 2016.05.31 | 2.32 | 37.25 | 39.57 | NOTE | |
r-release-macos-arm64 | 2016.05.31 | 32.00 | NOTE | |||
r-release-macos-x86_64 | 2016.05.31 | 41.00 | NOTE | |||
r-release-windows-x86_64 | 2016.05.31 | 3.00 | 81.00 | 84.00 | NOTE | |
r-oldrel-macos-arm64 | 2016.05.31 | 24.00 | OK | |||
r-oldrel-windows-x86_64 | 2016.05.31 | 5.00 | 70.00 | 75.00 | OK |
Version: 2016.05.31
Check: Rd files
Result: NOTE
checkRd: (-1) dotPlot.Rd:56: Escaped LaTeX specials: \&
Flavors: r-devel-linux-x86_64-debian-clang, r-devel-linux-x86_64-debian-gcc, r-devel-linux-x86_64-fedora-clang, r-devel-linux-x86_64-fedora-gcc, r-prerel-macos-arm64, r-prerel-windows-x86_64, r-patched-linux-x86_64, r-release-linux-x86_64, r-release-macos-arm64, r-release-macos-x86_64, r-release-windows-x86_64
Version: 2016.05.31
Check: Rd cross-references
Result: NOTE
Undeclared package ‘conf.design’ in Rd xrefs
Flavor: r-devel-linux-x86_64-fedora-clang