Last updated on 2025-11-23 05:50:11 CET.
| Flavor | Version | Tinstall | Tcheck | Ttotal | Status | Flags |
|---|---|---|---|---|---|---|
| r-devel-linux-x86_64-debian-clang | 2.7.2 | 5.16 | 50.46 | 55.62 | NOTE | |
| r-devel-linux-x86_64-debian-gcc | 2.7.2 | 3.60 | 32.55 | 36.15 | NOTE | |
| r-devel-linux-x86_64-fedora-clang | 2.7.2 | 26.00 | 67.93 | 93.93 | OK | |
| r-devel-windows-x86_64 | 2.7.2 | 7.00 | 60.00 | 67.00 | OK | |
| r-patched-linux-x86_64 | 2.7.2 | 4.53 | 47.12 | 51.65 | OK | |
| r-release-linux-x86_64 | 2.7.2 | 5.31 | 45.12 | 50.43 | OK | |
| r-release-macos-arm64 | 2.7.2 | OK | ||||
| r-release-macos-x86_64 | 2.7.2 | 4.00 | 43.00 | 47.00 | OK | |
| r-release-windows-x86_64 | 2.7.2 | 6.00 | 58.00 | 64.00 | OK | |
| r-oldrel-macos-arm64 | 2.7.2 | OK | ||||
| r-oldrel-macos-x86_64 | 2.7.2 | 4.00 | 33.00 | 37.00 | OK | |
| r-oldrel-windows-x86_64 | 2.7.2 | 5.00 | 59.00 | 64.00 | OK |
Version: 2.7.2
Check: CRAN incoming feasibility
Result: NOTE
Maintainer: ‘Ying Yuan <yyuan@mdanderson.org>’
No Authors@R field in DESCRIPTION.
Please add one, modifying
Authors@R: c(person(given = "Ying",
family = "Yuan",
role = c("aut", "cre"),
email = "yyuan@mdanderson.org"),
person(given = "Suyu",
family = "Liu",
role = "aut"))
as necessary.
Flavors: r-devel-linux-x86_64-debian-clang, r-devel-linux-x86_64-debian-gcc