Last updated on 2025-05-05 06:51:29 CEST.
Flavor | Version | Tinstall | Tcheck | Ttotal | Status | Flags |
---|---|---|---|---|---|---|
r-devel-linux-x86_64-debian-clang | 0.2.0 | 18.98 | 42.97 | 61.95 | NOTE | |
r-devel-linux-x86_64-debian-gcc | 0.2.0 | 14.34 | 34.23 | 48.57 | NOTE | |
r-devel-linux-x86_64-fedora-clang | 0.2.0 | 108.89 | NOTE | |||
r-devel-linux-x86_64-fedora-gcc | 0.2.0 | 127.26 | NOTE | |||
r-devel-windows-x86_64 | 0.2.0 | 25.00 | 102.00 | 127.00 | NOTE | |
r-patched-linux-x86_64 | 0.2.0 | 21.07 | 41.80 | 62.87 | NOTE | |
r-release-linux-x86_64 | 0.2.0 | 17.95 | 41.69 | 59.64 | NOTE | |
r-release-macos-arm64 | 0.2.0 | 49.00 | NOTE | |||
r-release-macos-x86_64 | 0.2.0 | 82.00 | NOTE | |||
r-release-windows-x86_64 | 0.2.0 | 25.00 | 107.00 | 132.00 | NOTE | |
r-oldrel-macos-arm64 | 0.2.0 | 42.00 | NOTE | |||
r-oldrel-macos-x86_64 | 0.2.0 | 86.00 | NOTE | |||
r-oldrel-windows-x86_64 | 0.2.0 | 31.00 | 112.00 | 143.00 | NOTE |
Version: 0.2.0
Check: CRAN incoming feasibility
Result: NOTE
Maintainer: ‘Sen Tian <stian@stern.nyu.edu>’
The Description field contains
for Subset Selection in Least Squares Regression", <arXiv:1911.10191>.
Please refer to arXiv e-prints via their arXiv DOI <doi:10.48550/arXiv.YYMM.NNNNN>.
Flavors: r-devel-linux-x86_64-debian-clang, r-devel-linux-x86_64-debian-gcc
Version: 0.2.0
Check: C++ specification
Result: NOTE
Specified C++11: please drop specification unless essential
Flavors: r-devel-linux-x86_64-debian-clang, r-devel-linux-x86_64-debian-gcc, r-devel-linux-x86_64-fedora-clang, r-devel-linux-x86_64-fedora-gcc, r-devel-windows-x86_64, r-patched-linux-x86_64, r-release-linux-x86_64, r-release-macos-arm64, r-release-macos-x86_64, r-release-windows-x86_64, r-oldrel-macos-arm64, r-oldrel-macos-x86_64, r-oldrel-windows-x86_64
Version: 0.2.0
Check: LazyData
Result: NOTE
'LazyData' is specified without a 'data' directory
Flavors: r-oldrel-macos-arm64, r-oldrel-macos-x86_64, r-oldrel-windows-x86_64