Last updated on 2024-07-03 18:57:32 CEST.
Flavor | Version | Tinstall | Tcheck | Ttotal | Status | Flags |
---|---|---|---|---|---|---|
r-devel-linux-x86_64-debian-clang | 0.0.7 | 293.92 | 146.67 | 440.59 | OK | |
r-devel-linux-x86_64-debian-gcc | 0.0.7 | 258.30 | 122.63 | 380.93 | OK | |
r-devel-linux-x86_64-fedora-clang | 0.0.7 | 560.45 | NOTE | |||
r-devel-linux-x86_64-fedora-gcc | 0.0.7 | 763.63 | NOTE | |||
r-devel-windows-x86_64 | 0.0.7 | 243.00 | 149.00 | 392.00 | OK | |
r-patched-linux-x86_64 | 0.0.7 | 214.12 | 164.08 | 378.20 | OK | |
r-release-linux-x86_64 | 0.0.7 | 237.61 | 161.70 | 399.31 | OK | |
r-release-macos-arm64 | 0.0.7 | 144.00 | NOTE | |||
r-release-macos-x86_64 | 0.0.7 | 166.00 | NOTE | |||
r-release-windows-x86_64 | 0.0.7 | 233.00 | 146.00 | 379.00 | OK | |
r-oldrel-macos-arm64 | 0.0.7 | 150.00 | NOTE | |||
r-oldrel-macos-x86_64 | 0.0.7 | 246.00 | NOTE | |||
r-oldrel-windows-x86_64 | 0.0.7 | 306.00 | 183.00 | 489.00 | OK |
Version: 0.0.7
Check: for GNU extensions in Makefiles
Result: NOTE
GNU make is a SystemRequirements.
Flavors: r-devel-linux-x86_64-fedora-clang, r-devel-linux-x86_64-fedora-gcc, r-release-macos-arm64, r-release-macos-x86_64, r-oldrel-macos-arm64, r-oldrel-macos-x86_64
Version: 0.0.7
Check: installed package size
Result: NOTE
installed size is 52.5Mb
sub-directories of 1Mb or more:
libs 52.2Mb
Flavors: r-release-macos-arm64, r-release-macos-x86_64, r-oldrel-macos-arm64, r-oldrel-macos-x86_64