Last updated on 2025-07-27 06:49:22 CEST.
Flavor | Version | Tinstall | Tcheck | Ttotal | Status | Flags |
---|---|---|---|---|---|---|
r-devel-linux-x86_64-debian-clang | 2.1.0 | 44.96 | 152.42 | 197.38 | OK | |
r-devel-linux-x86_64-debian-gcc | 2.1.0 | 32.86 | 86.40 | 119.26 | ERROR | |
r-devel-linux-x86_64-fedora-clang | 2.1.0 | 273.06 | OK | |||
r-devel-linux-x86_64-fedora-gcc | 2.1.0 | 285.88 | OK | |||
r-devel-windows-x86_64 | 2.1.0 | 48.00 | 157.00 | 205.00 | OK | |
r-patched-linux-x86_64 | 2.1.0 | 41.64 | 120.07 | 161.71 | OK | |
r-release-linux-x86_64 | 2.1.0 | 43.58 | 94.37 | 137.95 | OK | |
r-release-macos-arm64 | 2.1.0 | 69.00 | OK | |||
r-release-macos-x86_64 | 2.1.0 | 111.00 | OK | |||
r-release-windows-x86_64 | 2.1.0 | 49.00 | 169.00 | 218.00 | OK | |
r-oldrel-macos-arm64 | 2.1.0 | 147.00 | NOTE | |||
r-oldrel-macos-x86_64 | 2.1.0 | 126.00 | NOTE | |||
r-oldrel-windows-x86_64 | 2.1.0 | 59.00 | 179.00 | 238.00 | OK |
Version: 2.1.0
Check: tests
Result: ERROR
Running ‘testthat.R’ [1s/1s]
Running the tests in ‘tests/testthat.R’ failed.
Complete output:
> # This file is part of the standard setup for testthat.
> # It is recommended that you do not modify it.
> #
> # Where should you do additional test configuration?
> # Learn more about the roles of various files in:
> # * https://r-pkgs.org/testing-design.html#sec-tests-files-overview
> # * https://testthat.r-lib.org/articles/special-files.html
>
> library(testthat)
> library(BayesChange)
>
> test_check("BayesChange")
[ FAIL 1 | WARN 0 | SKIP 0 | PASS 1 ]
══ Failed tests ════════════════════════════════════════════════════════════════
── Error ('test-test-clust_cp.R:11:3'): clust_cp works ─────────────────────────
<std::logic_error/C++Error/error/condition>
Error: max(): object has no elements
Backtrace:
▆
1. └─BayesChange::clust_cp(...) at test-test-clust_cp.R:11:3
2. └─BayesChange::clust_cp_uni(...)
[ FAIL 1 | WARN 0 | SKIP 0 | PASS 1 ]
Error: Test failures
Execution halted
Flavor: r-devel-linux-x86_64-debian-gcc
Version: 2.1.0
Check: installed package size
Result: NOTE
installed size is 6.8Mb
sub-directories of 1Mb or more:
libs 6.5Mb
Flavors: r-oldrel-macos-arm64, r-oldrel-macos-x86_64