Last updated on 2024-05-05 18:53:32 CEST.
Flavor | Version | Tinstall | Tcheck | Ttotal | Status | Flags |
---|---|---|---|---|---|---|
r-devel-linux-x86_64-debian-clang | 2.2 | 0.52 | 2.12 | 2.64 | ERROR | |
r-devel-linux-x86_64-debian-gcc | 2.2 | 0.18 | 1.68 | 1.86 | ERROR | |
r-devel-linux-x86_64-fedora-clang | 2.3 | 479.65 | OK | |||
r-devel-linux-x86_64-fedora-gcc | 2.2 | 359.65 | OK | |||
r-patched-linux-x86_64 | 2.2 | 12.24 | 266.05 | 278.29 | OK | |
r-release-linux-x86_64 | 2.2 | 14.69 | 266.19 | 280.88 | OK | |
r-release-macos-arm64 | 2.2 | 126.00 | OK | |||
r-release-macos-x86_64 | 2.3 | 598.00 | OK | |||
r-release-windows-x86_64 | 2.2 | 16.00 | 220.00 | 236.00 | OK | |
r-oldrel-macos-arm64 | 2.2 | 179.00 | OK | |||
r-oldrel-macos-x86_64 | 2.3 | 888.00 | OK | |||
r-oldrel-windows-x86_64 | 2.2 | 18.00 | 264.00 | 282.00 | OK |
Version: 2.2
Check: package dependencies
Result: ERROR
Packages required but not available: 'GOSemSim', 'AnnotationDbi'
Packages suggested but not available for checking: 'GO.db', 'org.Hs.eg.db'
See section ‘The DESCRIPTION file’ in the ‘Writing R Extensions’
manual.
Flavor: r-devel-linux-x86_64-debian-clang
Version: 2.2
Check: whether package can be installed
Result: ERROR
Installation failed.
Flavor: r-devel-linux-x86_64-debian-gcc