Last updated on 2025-04-16 18:50:01 CEST.
Flavor | Version | Tinstall | Tcheck | Ttotal | Status | Flags |
---|---|---|---|---|---|---|
r-devel-linux-x86_64-debian-clang | 3.2.0 | 142.43 | 82.87 | 225.30 | NOTE | |
r-devel-linux-x86_64-debian-gcc | 3.2.0 | 95.11 | 58.61 | 153.72 | NOTE | |
r-devel-linux-x86_64-fedora-clang | 3.2.0 | 474.97 | NOTE | |||
r-devel-linux-x86_64-fedora-gcc | 3.2.0 | 426.74 | NOTE | |||
r-devel-windows-x86_64 | 3.2.0 | 201.00 | 157.00 | 358.00 | NOTE | |
r-patched-linux-x86_64 | 3.2.0 | 135.43 | 81.19 | 216.62 | NOTE | |
r-release-linux-x86_64 | 3.2.0 | 133.53 | 81.06 | 214.59 | NOTE | |
r-release-macos-arm64 | 3.2.0 | 108.00 | NOTE | |||
r-release-macos-x86_64 | 3.2.0 | 252.00 | NOTE | |||
r-release-windows-x86_64 | 3.2.0 | 215.00 | 149.00 | 364.00 | NOTE | |
r-oldrel-macos-arm64 | 3.2.0 | 120.00 | NOTE | |||
r-oldrel-macos-x86_64 | 3.2.0 | 153.00 | NOTE | |||
r-oldrel-windows-x86_64 | 3.2.0 | 207.00 | 181.00 | 388.00 | NOTE |
Version: 3.2.0
Check: C++ specification
Result: NOTE
Specified C++11: please drop specification unless essential
Flavors: r-devel-linux-x86_64-debian-clang, r-devel-linux-x86_64-debian-gcc, r-devel-linux-x86_64-fedora-clang, r-devel-linux-x86_64-fedora-gcc, r-devel-windows-x86_64, r-patched-linux-x86_64, r-release-linux-x86_64, r-release-macos-arm64, r-release-macos-x86_64, r-release-windows-x86_64, r-oldrel-macos-arm64, r-oldrel-macos-x86_64, r-oldrel-windows-x86_64
Version: 3.2.0
Check: installed package size
Result: NOTE
installed size is 19.6Mb
sub-directories of 1Mb or more:
data 2.0Mb
libs 17.3Mb
Flavors: r-oldrel-macos-arm64, r-oldrel-macos-x86_64
Version: 3.2.0
Check: for GNU extensions in Makefiles
Result: NOTE
GNU make is a SystemRequirements.
Flavors: r-oldrel-macos-arm64, r-oldrel-macos-x86_64, r-oldrel-windows-x86_64