Last updated on 2024-03-28 06:01:19 CET.
Flavor | Version | Tinstall | Tcheck | Ttotal | Status | Flags |
---|---|---|---|---|---|---|
r-devel-linux-x86_64-debian-clang | 2.2.1 | 7.11 | 64.98 | 72.09 | NOTE | |
r-devel-linux-x86_64-debian-gcc | 2.2.1 | 5.16 | 47.62 | 52.78 | NOTE | |
r-devel-linux-x86_64-fedora-clang | 2.2.1 | 86.11 | NOTE | |||
r-devel-linux-x86_64-fedora-gcc | 2.2.1 | 86.07 | NOTE | |||
r-devel-windows-x86_64 | 2.2.1 | 7.00 | 80.00 | 87.00 | NOTE | |
r-patched-linux-x86_64 | 2.2.1 | 5.84 | 61.94 | 67.78 | OK | |
r-release-linux-x86_64 | 2.2.1 | 4.04 | 61.97 | 66.01 | OK | |
r-release-macos-arm64 | 2.2.1 | 30.00 | OK | |||
r-release-macos-x86_64 | 2.2.1 | 44.00 | OK | |||
r-release-windows-x86_64 | 2.2.1 | 9.00 | 80.00 | 89.00 | OK | |
r-oldrel-macos-arm64 | 2.2.1 | 34.00 | NOTE | |||
r-oldrel-windows-x86_64 | 2.2.1 | 9.00 | 81.00 | 90.00 | OK |
Version: 2.2.1
Check: Rd contents
Result: NOTE
Argument items with no description in Rd file 'export.dyadic.Rd':
‘blauObj’
Flavors: r-devel-linux-x86_64-debian-clang, r-devel-linux-x86_64-debian-gcc, r-devel-linux-x86_64-fedora-clang, r-devel-linux-x86_64-fedora-gcc, r-devel-windows-x86_64
Version: 2.2.1
Check: dependencies in R code
Result: NOTE
Namespaces in Imports field not imported from:
‘digest’ ‘ergm’ ‘foreign’ ‘gWidgets2’ ‘gWidgets2tcltk’ ‘haven’
‘plot3D’ ‘plot3Drgl’ ‘rgl’ ‘sna’ ‘statnet.common’
All declared Imports should be used.
Flavors: r-devel-linux-x86_64-fedora-clang, r-devel-linux-x86_64-fedora-gcc, r-oldrel-macos-arm64