CRAN Package Check Results for Package BoneDensityMapping

Last updated on 2025-10-06 18:49:24 CEST.

Flavor Version Tinstall Tcheck Ttotal Status Flags
r-devel-linux-x86_64-debian-clang 0.1.3 15.50 295.61 311.11 OK
r-devel-linux-x86_64-debian-gcc 0.1.3 11.31 280.00 291.31 OK
r-devel-linux-x86_64-fedora-clang 0.1.3 408.43 OK
r-devel-linux-x86_64-fedora-gcc 0.1.3 314.72 ERROR
r-devel-windows-x86_64 0.1.3 17.00 221.00 238.00 OK
r-patched-linux-x86_64 0.1.3 11.07 360.58 371.65 OK
r-release-linux-x86_64 0.1.3 12.46 349.54 362.00 OK
r-release-macos-arm64 0.1.3 117.00 OK
r-release-macos-x86_64 0.1.3 240.00 OK
r-release-windows-x86_64 0.1.3 16.00 219.00 235.00 OK
r-oldrel-macos-arm64 0.1.3 138.00 OK
r-oldrel-macos-x86_64 0.1.3 265.00 OK
r-oldrel-windows-x86_64 0.1.3 21.00 270.00 291.00 OK

Check Details

Version: 0.1.3
Check: re-building of vignette outputs
Result: ERROR Error(s) in re-building vignettes: --- re-building ‘example-workflow-vignette.Rmd’ using rmarkdown Error: Reason: Mesh download failed Quitting from example-workflow-vignette.Rmd:122-180 [unnamed-chunk-12] Execution halted Flavor: r-devel-linux-x86_64-fedora-gcc