Last updated on 2024-03-28 17:49:23 CET.
Flavor | Version | Tinstall | Tcheck | Ttotal | Status | Flags |
---|---|---|---|---|---|---|
r-devel-linux-x86_64-debian-clang | 4.0 | 102.41 | 316.10 | 418.51 | OK | |
r-devel-linux-x86_64-debian-gcc | 4.0 | 84.57 | 230.92 | 315.49 | OK | |
r-devel-linux-x86_64-fedora-clang | 4.0 | 591.09 | OK | |||
r-devel-linux-x86_64-fedora-gcc | 4.0 | 568.25 | OK | |||
r-devel-windows-x86_64 | 4.0 | 77.00 | 265.00 | 342.00 | OK | |
r-patched-linux-x86_64 | 4.0 | 81.54 | 308.82 | 390.36 | OK | |
r-release-linux-x86_64 | 4.0 | 105.46 | 310.38 | 415.84 | OK | |
r-release-macos-arm64 | 4.0 | 176.00 | NOTE | |||
r-release-macos-x86_64 | 4.0 | 298.00 | NOTE | |||
r-release-windows-x86_64 | 4.0 | 100.00 | 302.00 | 402.00 | OK | |
r-oldrel-macos-arm64 | 4.0 | 139.00 | NOTE | |||
r-oldrel-windows-x86_64 | 4.0 | 98.00 | 300.00 | 398.00 | OK |
Version: 4.0
Check: installed package size
Result: NOTE
installed size is 9.1Mb
sub-directories of 1Mb or more:
R 2.0Mb
libs 5.9Mb
Flavors: r-release-macos-arm64, r-release-macos-x86_64, r-oldrel-macos-arm64