Last updated on 2024-03-28 17:49:23 CET.
Flavor | Version | Tinstall | Tcheck | Ttotal | Status | Flags |
---|---|---|---|---|---|---|
r-devel-linux-x86_64-debian-clang | 0.1.1 | 2.31 | 36.46 | 38.77 | NOTE | |
r-devel-linux-x86_64-debian-gcc | 0.1.1 | 1.90 | 27.05 | 28.95 | NOTE | |
r-devel-linux-x86_64-fedora-clang | 0.1.1 | 48.79 | NOTE | |||
r-devel-linux-x86_64-fedora-gcc | 0.1.1 | 46.54 | NOTE | |||
r-devel-windows-x86_64 | 0.1.1 | 3.00 | 62.00 | 65.00 | NOTE | |
r-patched-linux-x86_64 | 0.1.1 | 2.54 | 35.12 | 37.66 | NOTE | |
r-release-linux-x86_64 | 0.1.1 | 2.47 | 34.68 | 37.15 | NOTE | |
r-release-macos-arm64 | 0.1.1 | 23.00 | NOTE | |||
r-release-macos-x86_64 | 0.1.1 | 32.00 | NOTE | |||
r-release-windows-x86_64 | 0.1.1 | 5.00 | 59.00 | 64.00 | NOTE | |
r-oldrel-macos-arm64 | 0.1.1 | 25.00 | NOTE | |||
r-oldrel-windows-x86_64 | 0.1.1 | 4.00 | 61.00 | 65.00 | NOTE |
Version: 0.1.1
Check: LazyData
Result: NOTE
'LazyData' is specified without a 'data' directory
Flavors: r-devel-linux-x86_64-debian-clang, r-devel-linux-x86_64-debian-gcc, r-devel-linux-x86_64-fedora-clang, r-devel-linux-x86_64-fedora-gcc, r-devel-windows-x86_64, r-patched-linux-x86_64, r-release-linux-x86_64, r-release-macos-arm64, r-release-macos-x86_64, r-release-windows-x86_64, r-oldrel-macos-arm64, r-oldrel-windows-x86_64