Last updated on 2025-11-23 17:50:07 CET.
| Flavor | Version | Tinstall | Tcheck | Ttotal | Status | Flags |
|---|---|---|---|---|---|---|
| r-devel-linux-x86_64-debian-clang | 6.0 | 10.67 | 81.17 | 91.84 | NOTE | |
| r-devel-linux-x86_64-debian-gcc | 6.0 | 6.89 | 55.63 | 62.52 | NOTE | |
| r-devel-linux-x86_64-fedora-clang | 6.0 | 49.00 | 100.99 | 149.99 | OK | |
| r-devel-windows-x86_64 | 6.0 | 23.00 | 87.00 | 110.00 | OK | |
| r-patched-linux-x86_64 | 6.0 | 11.27 | 73.89 | 85.16 | OK | |
| r-release-linux-x86_64 | 6.0 | 9.16 | 76.81 | 85.97 | OK | |
| r-release-macos-arm64 | 6.0 | OK | ||||
| r-release-macos-x86_64 | 6.0 | 8.00 | 56.00 | 64.00 | OK | |
| r-release-windows-x86_64 | 6.0 | 11.00 | 86.00 | 97.00 | OK | |
| r-oldrel-macos-arm64 | 6.0 | OK | ||||
| r-oldrel-macos-x86_64 | 6.0 | 6.00 | 44.00 | 50.00 | OK | |
| r-oldrel-windows-x86_64 | 6.0 | 16.00 | 109.00 | 125.00 | OK |
Version: 6.0
Check: CRAN incoming feasibility
Result: NOTE
Maintainer: ‘Rosaria Lombardo <rosaria.lombardo@unicampania.it>’
No Authors@R field in DESCRIPTION.
Please add one, modifying
Authors@R: c(person(given = "Rosaria",
family = "Lombardo",
role = c("aut", "cre"),
email = "rosaria.lombardo@unicampania.it"),
person(given = c("Eric", "J"),
family = "Beh",
role = "aut"))
as necessary.
Flavors: r-devel-linux-x86_64-debian-clang, r-devel-linux-x86_64-debian-gcc