Last updated on 2025-07-25 18:55:53 CEST.
Flavor | Version | Tinstall | Tcheck | Ttotal | Status | Flags |
---|---|---|---|---|---|---|
r-devel-linux-x86_64-debian-clang | 1.0 | 2.03 | 19.67 | 21.70 | NOTE | |
r-devel-linux-x86_64-debian-gcc | 1.0 | 1.57 | 16.17 | 17.74 | NOTE | |
r-devel-linux-x86_64-fedora-clang | 1.0 | 33.97 | OK | |||
r-devel-linux-x86_64-fedora-gcc | 1.0 | 32.36 | OK | |||
r-devel-windows-x86_64 | 1.0 | 4.00 | 37.00 | 41.00 | OK | |
r-patched-linux-x86_64 | 1.0 | 2.15 | 18.41 | 20.56 | OK | |
r-release-linux-x86_64 | 1.0 | 1.77 | 18.59 | 20.36 | OK | |
r-release-macos-arm64 | 1.0 | 15.00 | OK | |||
r-release-macos-x86_64 | 1.0 | 26.00 | OK | |||
r-release-windows-x86_64 | 1.0 | 3.00 | 39.00 | 42.00 | OK | |
r-oldrel-macos-arm64 | 1.0 | 21.00 | OK | |||
r-oldrel-macos-x86_64 | 1.0 | 29.00 | OK | |||
r-oldrel-windows-x86_64 | 1.0 | 3.00 | 38.00 | 41.00 | OK |
Version: 1.0
Check: CRAN incoming feasibility
Result: NOTE
Maintainer: ‘W.John Braun <john.braun@ubc.ca>’
No Authors@R field in DESCRIPTION.
Please add one, modifying
Authors@R: c(person(given = "W.J.",
family = "Braun",
role = "aut"),
person(given = "W.John",
family = "Braun",
role = "cre",
email = "john.braun@ubc.ca"))
as necessary.
Flavors: r-devel-linux-x86_64-debian-clang, r-devel-linux-x86_64-debian-gcc