Last updated on 2025-11-23 05:50:12 CET.
| Flavor | Version | Tinstall | Tcheck | Ttotal | Status | Flags |
|---|---|---|---|---|---|---|
| r-devel-linux-x86_64-debian-clang | 1.1 | 2.48 | 27.01 | 29.49 | OK | |
| r-devel-linux-x86_64-debian-gcc | 1.1 | 1.72 | 21.52 | 23.24 | OK | |
| r-devel-linux-x86_64-fedora-clang | 1.1 | 11.00 | 33.95 | 44.95 | OK | |
| r-devel-windows-x86_64 | 1.1 | 4.00 | 53.00 | 57.00 | NOTE | |
| r-patched-linux-x86_64 | 1.1 | 2.48 | 25.24 | 27.72 | OK | |
| r-release-linux-x86_64 | 1.1 | 2.11 | 25.63 | 27.74 | OK | |
| r-release-macos-arm64 | 1.1 | OK | ||||
| r-release-macos-x86_64 | 1.1 | 3.00 | 40.00 | 43.00 | OK | |
| r-release-windows-x86_64 | 1.1 | 4.00 | 58.00 | 62.00 | OK | |
| r-oldrel-macos-arm64 | 1.1 | OK | ||||
| r-oldrel-macos-x86_64 | 1.1 | 3.00 | 49.00 | 52.00 | OK | |
| r-oldrel-windows-x86_64 | 1.1 | 4.00 | 55.00 | 59.00 | OK |
Version: 1.1
Check: Rd files
Result: NOTE
checkRd: (-1) CCd-package.Rd:11-17: Only 3 columns allowed in this table (row 1 has 2)
checkRd: (-1) CCd-package.Rd:11-17: Only 3 columns allowed in this table (row 2 has 2)
checkRd: (-1) CCd-package.Rd:11-17: Only 3 columns allowed in this table (row 3 has 2)
checkRd: (-1) CCd-package.Rd:11-17: Only 3 columns allowed in this table (row 4 has 2)
checkRd: (-1) CCd-package.Rd:11-17: Only 3 columns allowed in this table (row 5 has 2)
Flavor: r-devel-windows-x86_64